-d**3 + 6*d**2 - 3*d. What is the remainder when ((-9)/6)/(3/k) is divided by i(5)?
9
Suppose -8*g = -6*g - 108. Let m(s) = 5*s + 2 - 50*s**2 - 11 + g*s**2. Calculate the remainder when m(-5) is divided by 23.
20
Let n = 4 - 1. Let g = 0 - -5. Suppose 0 = -g*b - b + 54. Calculate the remainder when b is divided by n.
0
Let w = -23 - -33. Let u = w + 7. What is the remainder when 67 is divided by u?
16
Suppose -4*v - 108 = 2*v. What is the remainder when (-662)/v + (-4)/(-18) is divided by 8?
5
Let q(x) = -10*x + 14. Let o(k) = -9*k + 15. Let u(m) = 4*o(m) - 5*q(m). Calculate the remainder when u(9) is divided by 39.
38
Suppose 5*y + 2*n = -2*n + 1443, 2*y - n - 585 = 0. What is the remainder when y is divided by 14?
11
Let g(y) = 4*y**2 - 4*y + 5*y + 0*y**2 + 1. Calculate the remainder when g(1) is divided by 4.
2
Suppose 0 = x + 4, 0*u + 4*x = 2*u - 24. Suppose -5*b + 3*m = -187 - 193, -u*m = -20. Calculate the remainder when 23 is divided by (-8)/48 + b/6.
10
Suppose -39 = -2*s - 29. Suppose 0*z + 137 = 2*z + s*c, 3*z + c - 199 = 0. What is the remainder when z is divided by 23?
20
Suppose 4*u = 6*u + 8. Let s be 0/4*u/(-4). Suppose -i + s*i + d + 44 = 0, -i + 34 = d. Calculate the remainder when i is divided by 10.
9
What is the remainder when (-9 - -10)*510/2 is divided by 96?
63
Let c = -26 - -83. Let d = -20 + 22. Suppose -u = -d - 8. Calculate the remainder when c is divided by u.
7
Let r = -141 + 188. What is the remainder when 90 is divided by r?
43
Suppose -2 = -w + 6. Suppose 6*f - w*f = -14. Calculate the remainder when 10 is divided by f.
3
Let k(v) be the third derivative of v**4/12 + 5*v**3/6 + 9*v**2. What is the remainder when 90 is divided by k(9)?
21
Suppose 0 = -s + 3*s - 384. Let r be s/(-10)*(-20)/6. Suppose -4*w - 3*c = -76, -4*c + 0*c + r = 3*w. Calculate the remainder when 45 is divided by w.
13
Suppose 0 = -6*r + 113 + 91. Calculate the remainder when 166 is divided by r.
30
Let q = -23 + 28. Suppose -2*a + 18 = 3*g, -4 = a + q*g + 1. Calculate the remainder when 27 is divided by a.
12
Let n(i) = -31 + 11 + 19 - 4*i + i**2. Let p be n(5). Suppose 10 = -5*b + 5*k, -14 = p*b + 4*k - 46. Calculate the remainder when 3 is divided by b.
0
Suppose 3*o + 4*z = -170 + 66, 4*z = 5*o + 152. Let q = 55 + o. Calculate the remainder when 181 is divided by q.
20
Suppose 2*g + 2*g - 10 = -5*y, 4*y + 5*g = 17. Calculate the remainder when (7/(-14))/(y/8) is divided by 1.
0
Suppose 0*t + 5*t - 95 = 0. Suppose 3*p = -2*s - 3*s + 64, 0 = 5*s + 2*p - 61. Calculate the remainder when t is divided by s.
8
Let p(k) = k**2 + 4*k + 4. Let r(x) = -x**3 - 5*x**2 - 4*x - 6. Let j be r(-4). What is the remainder when p(j) is divided by 1*((-539)/(-56) - 6/(-16))?
6
Let q(p) = 9*p - 143. Calculate the remainder when q(19) is divided by 14.
0
Let r(u) = -47*u + 697. Calculate the remainder when r(9) is divided by 6.
4
Let k be 134/10 - 2/5. Let f = k + 3. What is the remainder when 3870/63 - 12/(-21) is divided by f?
14
Let g(a) = 62*a + 19. What is the remainder when g(2) is divided by 18?
17
Let w = -35 + 35. Suppose w = h + 3*v - 23, 0 = 4*h - v - v - 36. Calculate the remainder when 21 is divided by h.
10
Suppose 0 = 3*i + 1168 - 1318. Let o = -25 + 38. What is the remainder when i is divided by o?
11
What is the remainder when 0 + (-6 - -5)/((-2)/1174) is divided by 59?
56
What is the remainder when 133 is divided by ((-9)/(-6))/((-30)/(-140)) - -1?
5
Suppose 2*k + 5*j - 1 = 11, -j = 5*k - 53. Let b = -104 + 60. Let d = b - -73. Calculate the remainder when d is divided by k.
7
Let i = 258 - 234. Suppose -6 = -v + 1. Suppose -v*g + i = -53. What is the remainder when 21 is divided by g?
10
Let i(u) = u**3 + 13*u**2 + 24*u - 11. What is the remainder when 213 is divided by i(-4)?
28
Suppose -1061 = -56*q + 3643. Calculate the remainder when 831 is divided by q.
75
Let s = 143 - 106. Calculate the remainder when 146 is divided by s.
35
Suppose -2*j = -6, 8*b - 11*b + 84 = j. Calculate the remainder when 106 is divided by b.
25
Suppose 3*i + 4*r + 1 = 0, 0 = 2*i + i + 5*r + 5. Calculate the remainder when 30 is divided by i.
0
Suppose 2*h = 5*x + 18, -3*x = h - 5*h + 22. What is the remainder when 206 is divided by h?
2
Let g = 60 - 58. Suppose -h + 6 = -10. Let y = 24 - h. What is the remainder when y is divided by g?
0
Let p be (-280)/(-42)*(-6)/(-5). Let f(k) = 4*k - 7. What is the remainder when 47 is divided by f(p)?
22
Let v = 800 + -342. What is the remainder when v is divided by 31?
24
Let p = 431 - 387. What is the remainder when p is divided by 12?
8
What is the remainder when (1176/(-36))/(3/(-9)) is divided by 57?
41
What is the remainder when 81 is divided by (70/(-14) + (-21)/(-4))*40?
1
Calculate the remainder when 160 is divided by 84/24*96/14.
16
Suppose 0 = h - 1 - 3, 3*h - 24 = -4*m. Suppose -3*j - 51 = 2*n - 191, 4*n = -m*j + 142. Calculate the remainder when 86 is divided by j.
40
Suppose -55*y + 8663 = 1348. Calculate the remainder when y is divided by 45.
43
Let w be (-18)/22 - 8/44. Let y = 2 - w. Calculate the remainder when 4 + 0 + (-2 - -4) is divided by y.
0
Suppose 58 + 65 = q. Calculate the remainder when q is divided by 65.
58
Suppose -3*g = -4*d - 4*g - 124, -d = g + 34. Let p = d + 38. Let u(t) = 11*t - 2. What is the remainder when u(2) is divided by p?
4
Let f(w) be the first derivative of -w**2/2 + 8*w + 14. What is the remainder when f(-8) is divided by 3?
1
Let n = 91 - 84. Suppose z = -5*f + 47, 7 = -6*f + n*f - z. Calculate the remainder when 13 is divided by f.
4
Let h = -121 + 326. Let z = -118 + h. Calculate the remainder when z is divided by 44.
43
Let i be 2*(-7 + 9) + 75/1. Suppose i = k - 14. Calculate the remainder when k is divided by 8.
5
Let l(r) = -r**2 - 28*r + 104. What is the remainder when l(-27) is divided by 22?
21
Suppose 0 = -h + 6*h + 3*f + 9, 4*h + 4 = -4*f. Calculate the remainder when (-1)/(75/(-175) + 2/7) is divided by h/((-15)/6 - -1).
1
Suppose 13*h = 2208 + 743. Calculate the remainder when h is divided by 81.
65
Let r = -449 + 464. Let w = 11 - 5. What is the remainder when (3/w)/(1/86) is divided by r?
13
Suppose 139 = 3*y - 44. Suppose 5*u + r = 314, -u + 0*u - 2*r = -y. Calculate the remainder when u is divided by 13.
11
Let k(d) = 9 - 3*d + 5*d + 4 - d. Let u be k(-10). Suppose -u*a = 2*a + 4*f - 43, -3*a + 4*f + 45 = 0. Calculate the remainder when 43 is divided by a.
10
Suppose 0 = -3*m + 197 + 172. Suppose x + m = 2*x. Suppose -x = -5*g - 3. Calculate the remainder when g is divided by 13.
11
Calculate the remainder when 136 is divided by 1/(-4) - (-1485)/36.
13
Suppose -7*f = -2*f + 15. Let u(w) = -9*w - 59. Let z be u(-12). Let c = z + f. Calculate the remainder when c is divided by 12.
10
Suppose -5*h = -4*v - 166, -3*h + 4*v = -109 + 3. Calculate the remainder when 278 is divided by h.
8
Let c = 94 + -65. Suppose -4 + 16 = -4*o, 3*o = 3*i - 60. Calculate the remainder when c is divided by i.
12
What is the remainder when (-388)/(-12) + (84/(-18))/(-7) is divided by 33?
0
Suppose 5*r = -4*n + 74 + 3, 4*n + 8 = 0. Calculate the remainder when 61 is divided by r.
10
Suppose -13764 = -116*w + 54*w. Calculate the remainder when w is divided by 79.
64
Suppose 0*c = 7*c. Suppose 7*l - 15*l + 784 = c. Calculate the remainder when l is divided by 20.
18
Let t be ((-20)/25 + 2)*-5. Calculate the remainder when 41 is divided by 1 - 4 - (4 + -1)*t.
11
Suppose -2*b = 18*b - 280. Calculate the remainder when 40 is divided by b.
12
What is the remainder when 111 is divided by -6 + 1 + (7 - -52)?
3
Let m(w) = -205*w + 4105. Suppose 2*u + o - 30 = -o, -77 = -3*u + 5*o. Calculate the remainder when u is divided by m(20).
4
Let v(a) = -a**2 - 19*a - 31. Let r be v(-17). Suppose -44 = -5*c + r*s + 50, c - 3*s - 26 = 0. Calculate the remainder when c is divided by 9.
8
Let h = -5 - -24. Suppose 15*z + 128 = 19*z. Let g = 21 + z. What is the remainder when g is divided by h?
15
Suppose 2*r - 62 - 24 = -g, -r = 3*g - 43. Calculate the remainder when r is divided by 23.
20
Suppose -125 - 175 = -2*s. What is the remainder when s is divided by 39?
33
Let d(f) = -7*f. Let g be d(-4). Suppose -3*p + g = p. Calculate the remainder when (-1 - -3)/((-6)/(-81)) is divided by p.
6
Let s be ((-1